Suppose 3 = -x + q. Calculate a(x).
5
Let r(y) = -3*y - 2. Let x(u) = -u**2 - 7*u + 2. Let h be x(-7). Suppose 0 = -2*n - 2*m, -2*n - n - 3 = h*m. Calculate r(n).
7
Suppose 0 = 4*s + 26 + 22. Let k = s - -10. Let y(t) be the first derivative of -t**4/2 - t**3 - t**2/2 + 2*t - 1. Give y(k).
8
Let z(p) = -5*p - 3. Let q(y) = -y - 6. Let u(b) = 1. Let n(d) = q(d) + 5*u(d). Let v(f) = -3*n(f) + z(f). What is v(1)?
-2
Let y(i) = 1 + 12 + 7*i - 12. Calculate y(-1).
-6
Let m(l) = 6*l + 0*l - l**2 + 10 - 14. What is m(4)?
4
Let w(h) = -h**2 + 2*h**2 + 4*h - 5 + 0. Suppose 5 = i + 2*r + 3, -3*i + 2 = 2*r. Suppose l - 3 + 8 = i. Give w(l).
0
Let u = -12 + 17. Let r(n) = n + 1. Let x(i) = 14*i + 14. Let h(b) = -3*b - 3. Let p(c) = -11*h(c) - 2*x(c). Let t(a) = -p(a) + 6*r(a). Determine t(u).
6
Suppose 5*t + 3*n - 27 = 0, -7*n = t - 2*n - 23. Let g(l) = 6*l + 2. Give g(t).
20
Let t(o) = -o**3 - 5*o**2 + 7*o + 6. Let y(w) = -3*w + 3. Let d be y(3). Determine t(d).
0
Let x(r) = r + 2. Let v = -4 - -5. Let s = 1 - v. Give x(s).
2
Let s(n) be the second derivative of -n**3/3 - 3*n**2/2 + 4*n. Let f(g) = -3*g - 5. Let v(l) = -4*f(l) + 7*s(l). Calculate v(2).
-5
Let d = 3 + -1. Let q(c) be the third derivative of -5*c**2 + 1/6*c**3 + 0*c + 0 - 1/4*c**4. Determine q(d).
-11
Let m = 5 + -4. Let x(i) = 10*i + 1. Let b(n) = n. Let l(u) = -5*b(u) + x(u). Determine l(m).
6
Let x(z) = -2*z**2 - 9*z + 4. Let n(p) = -4 + 5*p - p + 4*p + p**2. Let m(h) = -3*n(h) - 2*x(h). Suppose 4*i = -20, 0*t = -3*t - 5*i - 7. What is m(t)?
4
Let v = -12 - -8. Let k be (3/(-6))/(2/v). Let u(c) = -3*c**3 + 2*c**2 - 1. Calculate u(k).
-2
Suppose -b + 6*b - 40 = 0. Let o = 9 - b. Suppose -4*q = -z + o + 4, -q = z + 5. Let s(w) = -w**3 - 5*w**2 - 3*w + 3. Calculate s(z).
-6
Let d(k) = -4*k**2 + 3*k - 28. Let j(q) = 2*q**2 - q + 13. Let g(t) = 6*d(t) + 13*j(t). What is g(-4)?
13
Let k(d) = -d**3 + 6*d**2 + d + 3. Let m = 18 + -12. Determine k(m).
9
Let i(j) = 16*j**2 + 4*j + 21. Let u(g) = 3*g**2 + g + 4. Let v(d) = 2*i(d) - 11*u(d). Calculate v(-3).
-2
Let k = -60 + 48. Let f(y) = -2*y - 13. Calculate f(k).
11
Suppose -y = 4*y - 5. Let n(x) = 11*x + 1. What is n(y)?
12
Let c(g) = -5*g**2 + 2*g - 1. Suppose -a + 2 = 1. Suppose -5*o + a - 11 = 0. Let i be (1/(-1) - -4) + o. Calculate c(i).
-4
Let s(n) = -n**2 - 5*n**2 + 7*n**2 + 6*n + 5. Determine s(-5).
0
Let p(d) be the first derivative of d - 1/2*d**2 - 2. What is p(-5)?
6
Let k be 3*3/((-27)/(-6)). Suppose k = -3*z - 1. Let p(d) = 2 - 5 + 2 - 4*d**3 - d**2 - d. Determine p(z).
3
Let d(t) be the second derivative of t**3/6 + 11*t**2/2 - t. What is d(-10)?
1
Let i(x) be the third derivative of x**4/12 - 4*x**3/3 + 2*x**2. Suppose 2*p + 0*p + 19 = y, 5*p - y = -49. Let q = 16 + p. Calculate i(q).
4
Suppose -4*o - v = 0, 3*o = -0*o + v. Suppose -5*b - 5*u + 15 = 0, -3*b + o*u + 5 = -u. Let t(m) = -3*m - 1. What is t(b)?
-7
Let f(p) = -10*p**2 + 4*p - 5. Let s(o) = o**2 - o + 1. Let y(v) = f(v) + 4*s(v). Let l(q) = -2*q + 11. Let m be l(6). Calculate y(m).
-7
Let l(g) be the third derivative of g**4/8 + g**3/2 + g**2. Let q(w) = -w**3 + 8*w**2 + 8. Let j be q(8). Suppose -j = -i - i, -3*m + 2 = 2*i. Determine l(m).
-3
Let h(r) = r - 1. Let z(x) = -5*x - 4. Let p(l) = 6*h(l) + z(l). Give p(-8).
-18
Let p(l) = 3*l + 14. Let u(o) = o + 5. Let f(t) = 4*p(t) - 11*u(t). Determine f(5).
6
Suppose 15 = 5*r - b, -4*r - 2*b = 1 + 1. Suppose 0 = v + r*g, v - 2*g + 6 = -2. Let q(c) = c**2 + 7*c + 5. Give q(v).
-7
Let u(b) = -2*b**2 - 3*b - 1. Suppose 10*q - 5*q = 0. Suppose q = 4*f - 0 + 8. Determine u(f).
-3
Let r(s) = s + 1. Let t be r(-6). Let u(b) = -b**3 - 6*b**2 - 5*b - 1. Give u(t).
-1
Let i(m) be the second derivative of -m**3/6 - 3*m**2/2 + m. Let q be i(-3). Let h(u) = -1 - 7*u - u**2 + q*u**2 + 2*u. What is h(-3)?
5
Let g = -10 - -15. Let d be 11/(-5) - g/(-25). Let s(j) = -2*j**3 - 3*j**2 + j + 2. Give s(d).
4
Let j(n) = n**2 + 6*n - 4. Let y(i) = i**3 + 3*i**2 + 3*i + 3. Let b be y(-3). Calculate j(b).
-4
Suppose 2*a + 3*a = -5*a. Let r(t) be the first derivative of t**3/3 - t**2/2 + 4*t - 2. Determine r(a).
4
Suppose -5*v - 12 = -4*k, 5*v = 4*v + 5*k - 15. Let j be 0 + v - 2*-4. Let r(h) = -h - 2*h - j + 4*h. Give r(0).
-8
Let r(i) = i + 5. Let h(u) = 2*u**3 - 7*u**2 + 2*u - 2. Let g be h(3). Calculate r(g).
0
Let b(g) = g**3 + 4*g**2 + g + 2. Let h be -8*(0 - (-3)/(-6)). Suppose -1 = 3*x - 4*i, 5*x = -2*i - 15 - h. What is b(x)?
8
Let a be 2 + -1 - (-1)/2. Let o(d) be the first derivative of -2*d - 2 + a*d**2. What is o(2)?
4
Suppose 0*j - 2 = -2*j. Let h(f) = j + 10 + f - 2 - f**2. What is h(0)?
9
Let i(w) be the second derivative of -w**3/6 - 2*w**2 - 12*w. Calculate i(-6).
2
Let n(l) = 2*l**3 + l**2 - 2*l. Let i(a) = a**3 + 4*a**2 - a + 1. Let o be i(-4). Let g = o - -2. Let q(u) = u**2 - 6*u - 9. Let p be q(g). What is n(p)?
-8
Let v(s) = s**2 - s - 7. Let w be v(-3). Let k(g) = -g**3 + 4*g**2 + 8*g - 7. Give k(w).
8
Let h(n) = -2*n**3 + 2*n**2 - 4*n - 5. Let r(v) = v**3 - 3*v**2 + 3*v + 4. Let q(g) = 2*h(g) + 3*r(g). Let s = 3 - 8. Determine q(s).
-3
Let t = 4 + -7. Let x = -2 - t. Let v(f) = -1 - 3*f - x + 1. Give v(-3).
8
Let n(w) = w**3 - 4*w**2 - 6*w + 7. Let k be n(5). Let c(q) = 2*q + 7*q**2 + 5 + q**3 - k*q**2 - 2 - 1. Give c(-4).
10
Let h(s) = 2*s - 4. Let d(p) = -5*p + 11. Let b(a) = -10*a - 1. Let w be b(1). Let u(q) = w*h(q) - 4*d(q). Calculate u(-2).
4
Let v(t) be the second derivative of t**4/3 - t**3/3 - t**2/2 + 2*t. Suppose 3*q + 5 - 2 = 0. Give v(q).
5
Let b(r) be the third derivative of 0*r + 1/6*r**3 + 3*r**2 + 0 - 1/24*r**4. What is b(-4)?
5
Let n(z) = -4*z - 26. Let s be n(-7). Let t(k) = -12*k - 1. Give t(s).
-25
Let x(y) = y - 1. Let a be ((-15)/2)/(21/28). Let c = -13 - a. Give x(c).
-4
Let f(q) = -1 + 5 + 2*q + 3*q. Let j(c) = -1. Let g(h) = -f(h) - 6*j(h). Calculate g(2).
-8
Suppose -30 = -4*l + 2. Let g(y) = -y**3 + 7*y**2 + 8*y + 4. Determine g(l).
4
Let r(m) be the first derivative of -3*m**2 - 1 - 7*m - 1/3*m**3. Suppose -4*p - 2*v - 32 = 2*v, 3 = -v. Give r(p).
-2
Let u be (-1 + 0 - -1) + 1. Let k be (u - -1)/2 + 1. Let y(n) = 2 + 0*n + 3*n - 5. What is y(k)?
3
Let h(z) = 2*z**2 - 3*z. Suppose r + r + b = -22, 23 = -3*r + b. Let c = 7 + r. Let j be ((-8)/20)/(c/10). Give h(j).
2
Let y = 5 + 10. Let n = y - 9. Let o(k) be the first derivative of -k**2/2 + 5*k + 30. What is o(n)?
-1
Let u(v) = 3*v + 2*v**2 + 0*v - 15 + 13 - 3*v**2. What is u(4)?
-6
Let z(p) be the first derivative of 0*p**2 + 1/3*p**3 + 0*p - 2. Let x = -26 + 25. Calculate z(x).
1
Let x = -16 + 22. Let f(s) = s - 2. Let l be f(x). Let v(p) = -p**3 - l*p + 2*p + p + 1 - 5*p**2. Calculate v(-5).
6
Let z = 4 - -3. Suppose -16 = -4*w, -w - 3 = -5*d - z. Let u be d/(1*(2 - 1)). Let l(o) = o**2 + o - 5. Give l(u).
-5
Suppose 3 = 4*s - 5*s. Let r be 2/s + (-34)/(-6). Let q(x) = -2*x - 9. Let d(b) = -b + 1. Let t(j) = 3*d(j) - q(j). What is t(r)?
7
Let u(m) = -8*m**3 + m**2 - m. Let s = -12 - -17. Suppose -7 = -s*v - 2. What is u(v)?
-8
Let x(y) = y**2 + 8*y + 1. Let c(p) = -5*p**2 + p. Let m be c(1). Determine x(m).
-15
Let z(r) = 3 - 20*r + 37*r - 19*r - 2*r**2 - 4. Let y(g) = -g + 5. Let w be y(6). Let f be z(w). Let s(n) = 6*n + 1. What is s(f)?
-5
Suppose -2*f = 2*j + 6, -10 = -2*j + 4*f + 14. Let u(t) = t**3 - 3*t**2 + 4*t - 3. Give u(j).
1
Let i(p) = -4*p - 36*p**2 - 1 + 38*p**2 - 2. Calculate i(-3).
27
Let f(h) = 5*h**2. Let m = 14 - 4. Suppose 2*z + m = 0, 4*g + 6*z - z = -21. Let v be (-1 - -2)/(g + 0). What is f(v)?
5
Let z(b) be the third derivative of b**5/60 - b**4/24 + b**3/3 - 5*b**2. Let n = 2 + 0. Calculate z(n).
4
Let q(k) = k**3 + 4*k**2 - 2*k - 12. Let h be q(-4). Let f(w) = -w**3 - 4*w**2 - 2*w - 2. Determine f(h).
6
Let v be 2/(-3) + (-3)/9. Let r = -4 + v. Let p(c) = -3*c + 1. Let a(b) = b. Let t(h) = -5*a(h) - 2*p(h). What is t(r)?
-7
Suppose -2*o + 1 = -1. Let j be o/(-3) + 22/(-6). Let z(k) = 0*k**2 + k**2 - 3*k - 2*k**2. Determine z(j).
-4
Let y be (-4)/10 - (-2)/5. Let b(n) = -1 - n + 0*n + y*n. Let l be 6/14 + 54/84*4. What is b(l)?
-4
Let b(m) = 2*m + 6. Let o = 20 + -24. Calculate b(o).
-2
Let d(g) = -8*g**2 - 6*g + 17. Suppose 3*p = 4*o - 17, -3*p = 2*p - 4*o + 39. Let r(i) = -3*i**2 - 2*i + 6. Let n(f) = p*r(